?
-111100221
In base 14, what is -1 - -24316?
24315
In base 7, what is 14032053 + 1?
14032054
In base 9, what is 5 + -738556?
-738551
In base 6, what is -1441340 + -2?
-1441342
In base 8, what is 5 + -716301?
-716274
In base 9, what is 477551 + 5?
477556
In base 6, what is 100 - -2520?
3020
In base 14, what is -1b4b1 + 10?
-1b4a1
In base 9, what is -3 + 348452?
348448
In base 13, what is -2 + -2321a?
-2321c
In base 6, what is -4 + 32014?
32010
In base 10, what is -4600 - -33?
-4567
In base 9, what is -17 + -252132?
-252150
In base 4, what is -123 - 222202?
-222331
In base 15, what is 225 - -d48?
106d
In base 8, what is 7 + 15475?
15504
In base 3, what is -10 - -2221222001?
2221221221
In base 9, what is -356 + 2407?
2041
In base 11, what is -140 - 283?
-413
In base 6, what is -324 - 3324?
-4052
In base 3, what is 10210110101002 + -2?
10210110101000
In base 8, what is 1326551 - 5?
1326544
In base 6, what is -2 - -114311?
114305
In base 11, what is 147 + -49?
a9
In base 2, what is 100000 - 1100111110?
-1100011110
In base 7, what is 6 - -443411?
443420
In base 7, what is -20 - -2036106?
2036056
In base 4, what is 2 - 1311032111?
-1311032103
In base 11, what is -259809 + 6?
-259803
In base 2, what is -10 - -10000001011000111?
10000001011000101
In base 5, what is 1022 - -203?
1230
In base 13, what is -1286 + 4?
-1282
In base 6, what is -53450 + -24?
-53514
In base 11, what is -524 + 2a3?
-231
In base 10, what is 3843 + -99?
3744
In base 9, what is -5 - -1370?
1364
In base 12, what is -528 - -15?
-513
In base 7, what is -201 + -232?
-433
In base 7, what is 216 - -223622?
224141
In base 9, what is -118 + -335?
-454
In base 4, what is 111 + -3323100?
-3322323
In base 12, what is 21a06 + b?
21a15
In base 7, what is 51556 + 1?
51560
In base 4, what is -102 - 10201221?
-10201323
In base 9, what is 53 + 60131?
60184
In base 8, what is -21 + -404?
-425
In base 15, what is -23 - -22dc?
22b9
In base 4, what is -1223210101 - 2?
-1223210103
In base 2, what is 111011010000101 + -110010?
111011001010011
In base 8, what is -6517725 - -1?
-6517724
In base 9, what is -23 + 151?
127
In base 2, what is 1011100 + -1000111110?
-111100010
In base 10, what is -130 - -18?
-112
In base 4, what is -213 + 313123?
312310
In base 7, what is -11 - -203513?
203502
In base 12, what is -160 - -42a?
28a
In base 7, what is -1232 + -31225?
-32460
In base 8, what is -305 - 32?
-337
In base 15, what is -16b6 + -1?
-16b7
In base 12, what is 22a323 - 2?
22a321
In base 13, what is 67 + -339a6?
-3393c
In base 10, what is -1 - 11273?
-11274
In base 15, what is -2ce664 + -5?
-2ce669
In base 6, what is -3145 + -45?
-3234
In base 9, what is -213882 + 35?
-213846
In base 10, what is -366691 + -2?
-366693
In base 5, what is 12 + -1140?
-1123
In base 13, what is -91 + 2cb?
23a
In base 13, what is -1 + 2649b?
2649a
In base 13, what is -a3968 + -3?
-a396b
In base 7, what is -1 + -40064?
-40065
In base 11, what is 1488791 - 0?
1488791
In base 3, what is 2222221 + 1212021?
11212012
In base 11, what is 773 + -553?
220
In base 11, what is -197a - 2?
-1981
In base 3, what is -22202022001 - -11?
-22202021220
In base 7, what is 33 + -42126?
-42063
In base 11, what is 201 - -481?
682
In base 16, what is -41 - 7183?
-71c4
In base 3, what is -12 - -102122222110?
102122222021
In base 8, what is 3201 - 112?
3067
In base 5, what is 13331 - -3114?
22000
In base 9, what is -2 - 58846?
-58848
In base 10, what is -2 - -55615?
55613
In base 11, what is -31275 + 0?
-31275
In base 4, what is 10 - -103102?
103112
In base 15, what is -2b - -e6?
ba
In base 4, what is 22103211021 - 0?
22103211021
In base 16, what is -12 - 11d83?
-11d95
In base 16, what is 0 - cf4b?
-cf4b
In base 15, what is 413 - 66?
39c
In base 15, what is 21d4 + 1ce?
23b3
In base 9, what is -10371 - -174?
-10186
In base 3, what is 1 - -102121111?
102121112
In base 7, what is 1124 + 212?
1336
In base 4, what is 1131033 + 10?
1131103
In base 9, what is -5 - -278185?
278180
In base 16, what is -2bdff5 + 5?
-2bdff0
In base 12, what is -687 - -164?
-523
In base 5, what is 31 + -333322?
-333241
In base 8, what is 4 + 11552?
11556
In base 15, what is -329 + 5?
-324
In base 7, what is 0 + -224413?
-224413
In base 12, what is -20a33 - 32?
-20a65
In base 9, what is -1621582 + 2?
-1621580
In base 9, what is -10 - -4778?
4768
In base 10, what is -4 - 9105?
-9109
In base 2, what is 1 + 100000011010100110?
100000011010100111
In base 11, what is 16 - 1a9?
-193
In base 2, what is -110111001001 + 1111010110?
-100111110011
In base 5, what is 31213 + -3140?
23023
In base 2, what is -100001000100 + 10111001000?
-1001111100
In base 16, what is -3624 + 18?
-360c
In base 10, what is -13693 + -4?
-13697
In base 16, what is -dbaa - -9?
-dba1
In base 14, what is -65a + 49?
-611
In base 2, what is -10110000101000000010011 + 100?
-10110000101000000001111
In base 11, what is -2159 - 1?
-215a
In base 16, what is 13 - -3776?
3789
In base 5, what is -32 - 4022413?
-4023000
In base 11, what is 5 - -215654?
215659
In base 13, what is 8 - b64?
-b59
In base 3, what is 200011 + 2?
200020
In base 4, what is -21030033 + 11?
-21030022
In base 7, what is 1211156 - -2?
1211161
In base 14, what is 207 + -767?
-560
In base 14, what is 1b836 - 2?
1b834
In base 14, what is -2 + 477b?
4779
In base 15, what is -28c4 - 25?
-28e9
In base 15, what is -283 - -b2?
-1c1
In base 16, what is -34 + -4b?
-7f
In base 8, what is 505 + -1060?
-353
In base 3, what is 221111220 - 0?
221111220
In base 11, what is -3 + 4444a?
44447
In base 10, what is -699326 + 3?
-699323
In base 10, what is 12 + -2707?
-2695
In base 10, what is -5 + -15332?
-15337
In base 5, what is -3210021 - -40?
-3204431
In base 2, what is 100111110 + -101100100?
-100110
In base 14, what is 1 + -12940?
-1293d
In base 3, what is -2011 + -1020220?
-1100001
In base 2, what is 10101000010101011 - -1010?
10101000010110101
In base 10, what is 0 + -292775?
-292775
In base 10, what is -3 + -142512?
-142515
In base 15, what is a3bc0 + 1?
a3bc1
In base 5, what is -4303422 - 3?
-4303430
In base 3, what is 221102 - 2202001?
-1210122
In base 9, what is -247584 + 4?
-247580
In base 15, what is 17d3 - -5c?
1840
In base 12, what is 12 - 21a4?
-2192
In base 6, what is 542 + -12044?
-11102
In base 10, what is -120 + -1985?
-2105
In base 14, what is -c0 + 72d?
64d
In base 6, what is -1021013 - 11?
-1021024
In base 4, what is -200 + 10021013?
10020213
In base 16, what is 3ab - -c7?
472
In base 9, what is 2 - 2688485?
-2688483
In base 2, what is 101 + 1100101010110111?
1100101010111100
In base 6, what is -422310 + 4?
-422302
In base 11, what is 1a67 + -3?
1a64
In base 10, what is 829579 + 1?
829580
In base 8, what is 1502442 - 3?
1502437
In base 12, what is -7 + -1554?
-155b
In base 2, what is -11100100011 + 1001?
-11100011010
In base 9, what is 36341 + -16?
36324
In base 4, what is 13222 - -2202013?
2221301
In base 9, what is 2851 - -204?
3155
In base 12, what is 2 + 9a77?
9a79
In base 15, what is -1 - -9a888?
9a887
In base 5, what is 212 + 12124?
12341
In base 3, what is 100001120122 - 2?
100001120120
In base 16, what is 911 + 15?
926
In base 10, what is -11 - 2536?
-2547
In base 5, what is 140031040 - -1?
140031041
In base 5, what is -3002 - 124?
-3131
In base 8, what is 4 - 37031?
-37025
In base 11, what is -3 - 2040aa?
-204102
In base 7, what is -2 - -154052?
154050
In base 6, what is -10141401 - 13?
-10141414
In base 13, what is 5 + -b01c?
-b017
In base 8, what is 357414 + -4?
357410
In base 3, what is -120102 + 1000?
-112102
In base 9, what is -12757 + -4?
-12762
In base 11, what is 2 + 10492?
10494
In base 5, what is 32 - 2304?
-2222
In base 15, what is 2159b + -5?
21596
In base 16, what is 48691 + 0?
48691
In base 10, what is -3 - -10504?
10501
In base 2, what is 111010101010110001 - -11?
111010101010110100
In base 5, what is 133014 - 20?
132444
In base 8, what is 73377 - 1?
73376
In base 10, what is 5852 - 21?
5831
In base 16, what is 33 - -134c?
137f
In base 7, what is 13415 + 5?
13423
In base 16, what is 4 + -282fe?
-282fa
In base 15, what is 8b2 - -41?
903
In base 13, what is 28230 + 5?
28235
In base 3, what is 100 - -2212120?
2212220
In base 2, what is 11010101001100 + 1010?
11010101010110
In base 11, what is 7608 - 8?
7600
In base 9, what is 187 - 